What are the prime factors of y - 3 - -1 - -26?
3
Let z(h) be the third derivative of 0*h + 5/6*h**3 + 0 - 1/8*h**4 + 4*h**2. What are the prime factors of z(-6)?
23
Let r = 25 - 33. Let x = r - -78. What are the prime factors of x?
2, 5, 7
Suppose 20*z - 4426 = 41074. What are the prime factors of z?
5, 7, 13
Let t(w) = 3*w - 28. Let v be t(11). Suppose -a + 238 = v*s, -s + 43 = 2*a - 1. What are the prime factors of s?
2, 3
Suppose 5*p - 5 = -d - 2, -5*d = 2*p - 15. Suppose 0 = 4*z + 20, p = -2*r + 5*z - 15 + 176. Let u = -41 + r. List the prime factors of u.
3
Let v be 3/6 + (-10)/(-4). Let w(p) = -p**3 + 9*p**2 + p - 8. Let n be w(9). Suppose -n = v*s - 31. What are the prime factors of s?
2, 5
Let y(u) = -163*u - 100. List the prime factors of y(-5).
5, 11, 13
Let r = 1140 - 573. Suppose 0*w - r = 7*w. Let z = w + 130. What are the prime factors of z?
7
Let u(o) = -4*o**3 - 1. Suppose -2*w - 4 + 0 = 2*y, 5*y + 11 = -4*w. Let f be u(w). Let n(c) = -7*c - 5. List the prime factors of n(f).
2, 3, 5
Let b be -5 - (1 - (1 - 1)). Let n = -6 - 18. Let x = b - n. List the prime factors of x.
2, 3
Let g be (-34)/(-9) + (-2)/(-9). Let d be g/22 - 471/(-11). Let l = -26 + d. List the prime factors of l.
17
Let q(g) = 0*g + 5*g**2 + g**3 - g - g - 3*g**2 - 2. List the prime factors of q(2).
2, 5
Suppose -2*o + 97 = 41. Suppose 4*g = -9*g - 182. List the prime factors of 107/2 + g/o.
53
Let k be (7 - (-92)/(-12))/((-2)/(-120)). What are the prime factors of ((-60)/k)/((-6)/(-452))?
113
Suppose -2*n = 2*o - 394, -2*o + 201 = 4*n - 3*n. What are the prime factors of n?
193
Let x be 10/60 - (-46)/12. Suppose 3*w = 2 + 16. Let i = w + x. What are the prime factors of i?
2, 5
Suppose -2*l = -0*l + 20. Let p be (6/(-10))/(2/l). Suppose 0 = p*h - 7*h + 12. What are the prime factors of h?
3
Let b be (-219)/((-18)/4 + 3). Let p = 227 - b. Suppose p + 19 = 2*r. List the prime factors of r.
2, 5
Suppose 4*f + 2750 = 5*a, -1357 = -3*a - f + 276. List the prime factors of a.
2, 3, 7, 13
Let p = 38 + -35. Suppose -p*g + 4*g = -574. What are the prime factors of 36/60 + g/(-10)?
2, 29
Suppose -8*a + 11*a = -225. Let z = a - -178. List the prime factors of z.
103
Let q(x) = -3*x**2 - 102*x - 35. What are the prime factors of q(-30)?
5, 13
Let h(z) = z**2 + 10*z - 6. Let d = 53 - 31. Suppose 6*o - 4*o = -d. List the prime factors of h(o).
5
Let h = 225 + -159. Let j = h - 19. What are the prime factors of j?
47
Let k = -3690 + 5583. What are the prime factors of k?
3, 631
List the prime factors of (1 + -128)*(-22 - -15).
7, 127
Let x = 187 - -103. What are the prime factors of x?
2, 5, 29
Let i(f) = f**2 + 10*f - 11. Let q be i(-11). Suppose -u = -q*u - 5. Suppose -u*z + 338 = 128. List the prime factors of z.
2, 3, 7
Let p = 56 - 56. Suppose -x + 4*u = -64, 5*x - 3*u + 31 - 436 = p. List the prime factors of x.
2, 3, 7
Suppose -2*s - 6 = 0, -2*o + 5*s + 1171 = 2*s. What are the prime factors of o?
7, 83
Let t be (-2)/6*(-13 + 5/(-1)). Suppose 4*r - 563 = -5*b, -t = 4*r - 7*r. List the prime factors of b.
3, 37
Suppose -7*p + 2*g = -4*p - 246, -3*p + 258 = 2*g. List the prime factors of p.
2, 3, 7
Let b(o) = -5*o**3 + o**2 + 4*o + 1. What are the prime factors of b(-3)?
7, 19
Suppose -38*d = -40*d. List the prime factors of d + 27 - (2 + 1).
2, 3
What are the prime factors of (310/(-248))/(2*1/(-4656))?
2, 3, 5, 97
List the prime factors of 8 + (1196 - -7) - -4.
3, 5
Let p(t) = t**3 - 5*t**2 + 3. Let w be p(5). Suppose 3*c + z = 458, -c = -w*c - 3*z + 303. What are the prime factors of c?
3, 17
Suppose 4*z - 98 = -l, z + 123 = 3*l - 2*l. Let m = 180 - l. What are the prime factors of m?
2, 31
What are the prime factors of -3*19983/(-39) - (-8)/(-52)?
29, 53
Suppose -4*b = 49 - 409. List the prime factors of b.
2, 3, 5
Suppose -r = -134 - 142. Let x = r - 166. Suppose -15 = -5*d + x. List the prime factors of d.
5
Suppose 0 = 3*h + h - z + 24, 0 = h - z + 9. List the prime factors of (h - 15)/(-5)*(-186)/(-3).
2, 31
Let p be 6/21 - (-46)/(-14). Let l be (-1)/(p/(-63)*-3). Suppose 60 = 9*u - l*u. What are the prime factors of u?
2, 3, 5
Suppose 0 = 2*p - 8, 3*y - 711 - 114 = -3*p. What are the prime factors of y?
271
Let i(d) = d**2 - 14*d + 26. Suppose -c = -5*c + 48. Let l be i(c). Suppose -2*o + 4 = l*o, -y - 2*o + 79 = 0. List the prime factors of y.
7, 11
Suppose 5*b - 8*b = -9. Suppose 0 = 5*h + 87 + b. Let d = 29 + h. List the prime factors of d.
11
Let t = -4 - -8. Suppose t*x - v + 14 = -23, 2*v = -x + 2. What are the prime factors of (-126)/x + (-1)/(-4)?
2
Suppose -4*x + 3*b = -2, 1 = b - 1. Let y = -17 + 23. Suppose -r + y = x*r. What are the prime factors of r?
2
Let b(w) = -3*w + 14 - 20*w + 76*w. What are the prime factors of b(2)?
2, 3, 5
Suppose 6*q = 3639 + 1695. What are the prime factors of q?
7, 127
Let g(w) be the second derivative of -w**3/3 - 15*w**2/2 + 7*w. Let u(b) = 4*b + 31. Let t(d) = 7*g(d) + 3*u(d). What are the prime factors of t(-13)?
2, 7
Suppose -11 = -3*a + 1. List the prime factors of 2/(12/238)*(a - 1).
7, 17
Let x be 3 + (4 - (-6)/3). Suppose -x*g + 4*g + 245 = 0. What are the prime factors of g?
7
Let p(c) = c**3 + c**2 + 2*c - 8. Let f(q) = 3*q**3 + 2*q**2 + 5*q - 15. Let w(l) = 2*f(l) - 5*p(l). What are the prime factors of w(0)?
2, 5
Suppose 6*u - 2*u = -5*c - 88, 0 = -3*c - 3*u - 54. Let b be c/(-24) - 2/3. Suppose -4*x + 0*x + 68 = b. List the prime factors of x.
17
Let s be (36/(-24))/(-1 - (-5)/8). What are the prime factors of -3*s/12 - (2 + -211)?
2, 13
Let a(l) = -43*l**3 - 2*l**2 + l + 3. What are the prime factors of a(-3)?
3, 127
Suppose 4*h - z = -0*h + 19, -6 = -3*h - 2*z. Suppose 954 = 4*k - 4*x + 298, -5*k = -4*x - 816. Suppose k = h*g + g. What are the prime factors of g?
2
Suppose -5*o - 3363 = -2*t, -3361 = -0*t - 2*t + 3*o. What are the prime factors of t?
23, 73
Let r be (18/(-12))/(9/(-30)). Suppose 4*x + r*c - 302 - 196 = 0, 3*c - 6 = 0. List the prime factors of x.
2, 61
Let q(o) = -o**3 + 3. Let l be q(0). Suppose -x + l = 2*x. Suppose 2 = f - x. List the prime factors of f.
3
Let l = 50 - 65. Let r = l - -33. List the prime factors of r.
2, 3
Let a(v) = 6*v**2 + 4. Let w be a(3). Suppose 2*o + 0*b = b + w, 2*b - 19 = -o. List the prime factors of o.
3
Let l(u) = -u**2 - 11*u - 26. Let z be l(-4). Suppose 5*w - 256 = -a, 3*a + 203 = 5*w - 49. Suppose z*t - w = -t. What are the prime factors of t?
17
Let l = 8 - 2. Let x be ((-5)/(-15))/((-2)/l). List the prime factors of -15*(x + (-8)/(-12)).
5
Suppose -8*n + 148 = -2228. What are the prime factors of n?
3, 11
Let u = 2470 + -1291. List the prime factors of u.
3, 131
Let b = 320 - 58. What are the prime factors of b?
2, 131
Let l = 1463 + -1000. What are the prime factors of l?
463
Let d(t) = -5*t + 11. Let m(z) = -9*z + 6. Let r be m(-3). Suppose -4*y + g + 4*g - 21 = 0, -5*y - r = -4*g. What are the prime factors of d(y)?
2, 7
Let i = 19 + 3. Let f = 11 + i. List the prime factors of f.
3, 11
Let l(d) = 3*d**3 + d**2 + 5*d - 1. Let u be l(3). Let k = -57 + u. Suppose -2*f - k = -159. List the prime factors of f.
2, 7
Suppose -5*z + 1035 = 2*i, 5*i - z = 1199 + 1348. What are the prime factors of ((-9)/(-15))/(6/i)?
3, 17
Let o = -58 - -52. Let b(k) = 9*k**2 + 4*k + 9. What are the prime factors of b(o)?
3, 103
Suppose 0 = d, 0 = -2*u - u + 2*d - 51. Let k = u - -19. Suppose 2*t + 2*x = -k*x + 52, -x + 78 = 3*t. List the prime factors of t.
2, 13
Suppose -21 = 3*g - f, 8*g - 6*g - 2*f = -18. Suppose -7 = -2*m + n, 4*n = -5*m - 0*n + 50. List the prime factors of 225/g*(-4)/m.
5
Let a(m) = m**2 - 6*m + 7. Let r be a(5). Let o be 2/(-4) + 56/16. Suppose -o*n + 32 = -r*n. What are the prime factors of n?
2
Suppose -65*h + 25*h = -32000. What are the prime factors of h?
2, 5
Suppose -5*n - w + 26 = 0, 27 = 3*n + 2*n + 2*w. Suppose -n*z + 9*z - 24 = 0. What are the prime factors of z?
2, 3
Suppose z - 41 - 24 = 0. Let o = 100 - z. List the prime factors of o.
5, 7
Let r(u) = 8*u**3 - 5*u**2 + 26*u - 31. List the prime factors of r(6).
7, 239
Let g(h) = -468*h + 110. What are the prime factors of g(-3)?
2, 757
Suppose 0 = 5*g + x - 11, -x + 1 = 5. What are the prime factors of (2/(-6))/(g/(-495))?
5, 11
Let k(j) = 2*j + 28. Let o = 3 - 0. Suppose 0 = -o